tors of w/15*(-3050)/20.
2, 61
Suppose -3*h + 107 = v, 4*v - v - 293 = -2*h. List the prime factors of v.
5, 19
What are the prime factors of 681 - 2/(-2)*(4 + -9)?
2, 13
Let v = 257 + 19. List the prime factors of v.
2, 3, 23
Suppose 0 = 5*b + 5*l + 30, -5*b = -5*l + 22 + 48. What are the prime factors of (382/(1 - -1))/(11 + b)?
191
What are the prime factors of (-6)/(-10) - (-8 - (-118370)/(-50))?
2, 3, 11
Suppose -2*u - 174 = o + 3*o, -u = 4*o + 173. Let f = 65 + o. What are the prime factors of f?
2, 11
Suppose -5*k = -10*k. Suppose -z + k*z = 123. Let m = -81 - z. List the prime factors of m.
2, 3, 7
Let y(w) = -22*w - 1. Let h be y(-1). Let i be ((-1)/3)/(1/h). Let g(k) = -k**3 - 6*k**2 + 3*k + 3. What are the prime factors of g(i)?
31
Let j(l) be the first derivative of -4*l**2 - 3*l + 4. What are the prime factors of j(-8)?
61
Suppose 27*i - 4339 = 6002. What are the prime factors of i?
383
Let m be 1/(-6)*-3*(4 + -6). List the prime factors of (-1340)/(-50) - 2/10*m.
3
Let m(p) = -2*p + 47. Let z be m(20). Suppose z*q - 184 = 3*q. What are the prime factors of q?
2, 23
Let f(y) = -46*y - 186. What are the prime factors of f(-28)?
2, 19, 29
Let r(x) = x**2 - 2*x + 1. Let b be r(0). Let l be (-22)/(-77)*469*b. Suppose 3*t - l = t. List the prime factors of t.
67
Suppose -29 = -4*x + 7. Let f(c) = c**2 + 3*c + 15. List the prime factors of f(x).
3, 41
List the prime factors of 363 + (6 - -6) + -8.
367
Let s(b) = -b**2 - 4*b - 1. Let r be s(-5). Let q = 15 + r. What are the prime factors of q?
3
Suppose -4*k + 10*h = 11*h - 892, 0 = -2*h + 8. List the prime factors of k.
2, 3, 37
Let c = 267 + -458. Let p = c - -299. What are the prime factors of p?
2, 3
Suppose 14*j - 28000 = -18*j. What are the prime factors of j?
5, 7
Suppose 3*u - 8 = 4. Suppose -l = 2*l - 4*t - 199, -5*l - u*t = -289. List the prime factors of l.
61
Let f(b) = -1. Let w(q) = 3*q + 9. Let z(u) = 3*f(u) + w(u). Let x be z(-5). Let v = 10 - x. What are the prime factors of v?
19
Let x = -99 + 21. Let g = 145 + x. List the prime factors of g.
67
Suppose -4808 = 7*f - 18276. List the prime factors of f.
2, 13, 37
Let l be 0 + 2 - (-1968)/(4 + 2). Suppose 0 = 3*j + 90 - l. List the prime factors of j.
2, 5
Let r(n) = 832*n + 4 - 832*n - 4*n**2 + 16*n**3. List the prime factors of r(2).
2, 29
Suppose -4*q - v - 119 = -6*v, 0 = -5*q + 5*v - 145. List the prime factors of (12/(-24))/(1/q).
13
Let g = -1 + 6. Suppose 152 = -2*t + g*t - x, -5*t + 3*x = -252. List the prime factors of t.
3, 17
Let m(p) = -p**3 - 17*p**2 + 14*p + 48. What are the prime factors of m(-21)?
2, 3, 11, 23
Suppose -x = 60 - 168. Suppose -3*n = -5*n + x. List the prime factors of n.
2, 3
Suppose 116*j + 24 = 110*j. Let k = -10 - -5. List the prime factors of (-60)/j*(-3)/k.
3
Suppose 9 = z + 2. Let p = 117 + z. What are the prime factors of p?
2, 31
Suppose -4*l + 684 = -7*l. Let f = 377 + l. Suppose -5*p - 107 = -2*c, 3*c - 3*p = -7*p + f. List the prime factors of c.
3, 17
Let u be 2/(-7) - 64/(-28). Suppose -u*c + 4*v - v - 34 = 0, -3*v + 6 = 0. Let n(d) = d**3 + 15*d**2 + 12*d + 15. What are the prime factors of n(c)?
43
Suppose -293 - 386 = -7*b. Let o = b + -51. What are the prime factors of o?
2, 23
Let i(h) = 67*h + 682. List the prime factors of i(14).
2, 3, 5
Let p = 4369 - 1719. What are the prime factors of p?
2, 5, 53
Suppose -5*j + 9 = -3*i + 25, -16 = 4*j - 4*i. What are the prime factors of (-2)/(10/515)*j?
2, 103
Let b(d) = 15*d**2 - 8*d + 11. Let q(o) = -7*o**2 + 4*o - 5. Let i = 11 - 17. Let s(t) = i*b(t) - 13*q(t). List the prime factors of s(6).
11
Let l(h) = -2*h - 13. Let u be l(-7). Let x be (-140)/7 + u*2. Let t = x + 35. List the prime factors of t.
17
Let r(n) = -5*n + 21*n + 2*n**2 + 3 - 3*n**2. Let o be r(16). Let t(i) = i**3 - 3*i**2 + i. List the prime factors of t(o).
3
Let p(l) = l + 13. Let t be p(-9). Let q be ((-4455)/36)/(1/t). What are the prime factors of q/(-18) + (-6)/4?
2, 13
Let k(p) = -p**3 + 22*p**2 - 26*p + 17. List the prime factors of k(16).
3, 379
Let h = -882 - -548. Let w = h - -634. What are the prime factors of w?
2, 3, 5
Let b(z) = 7*z**3 - 2*z**2 - z. Let a be b(2). Suppose 4*i = 13*i - 1035. Suppose -5*n + i = 2*j, -a = -n - n + 5*j. List the prime factors of n.
23
Let u(b) = -b**3 - b**2 + 11*b - 6. What are the prime factors of u(-6)?
2, 3
Let g = 4 - -1. Suppose 0 = -2*c + c + g. Suppose c = -2*y + 23. What are the prime factors of y?
3
Let c be (-44)/(-3) - (-3)/9. Suppose 0 = 5*f - 5*y - c, -5 = -5*f - 0*f - 5*y. Suppose 78 = f*v + 30. List the prime factors of v.
2, 3
Let x(s) = 2*s + 47 - 98 + 46 - 30*s. What are the prime factors of x(-2)?
3, 17
Let k = -29 + 25. Let n(t) = -2*t**3 - 6*t**2 - 3*t + 2. What are the prime factors of n(k)?
2, 23
Suppose 681 + 262 = b - 4*p, 3*p = -3*b + 2859. What are the prime factors of b?
3, 317
Let h(v) = 10*v**2 - 22*v - 2. What are the prime factors of h(-4)?
2, 3, 41
Suppose 4*t = -4*v + 32, 4*v - t + 2*t - 17 = 0. Suppose -17 - v = -4*r. Suppose r = q - 10. What are the prime factors of q?
3, 5
Let h(b) = 11*b**2 - b - 1. Let j be h(-1). Let o = 13 - j. Suppose 0 = -z - 4*a + 16, 4*z - o*a - 17 = 137. List the prime factors of z.
2, 3
What are the prime factors of 66/231 - (-1746)/14?
5
Let x(o) = -80*o - 54. List the prime factors of x(-5).
2, 173
Suppose -5*b - 2797 = -8*b - 4*v, 2*b = 2*v + 1860. What are the prime factors of b?
7, 19
Suppose -2*p + 27 = 7. Let k = p + 19. List the prime factors of k.
29
Suppose 20 = 2*m + 2*m. Suppose 3*z = 3*b - 576, -2*b = -m*b + 5*z + 582. List the prime factors of 4/(-6)*b/(-14).
3
Let g(v) = -2*v**2 + 16*v + 2. Let k be g(11). Let o = k + 108. What are the prime factors of o?
2, 11
Suppose 15*u - 18446 = -8*u. List the prime factors of u.
2, 401
Let f = -28 - -30. Let h(i) = i**3 + 25 + i**f - 4*i + 18 + 3*i. What are the prime factors of h(0)?
43
Let r(m) be the first derivative of 2/3*m**3 + 0*m - 3 + 3*m**2. What are the prime factors of r(-4)?
2
Suppose 20*m = 19*m - 4, -2*m - 13112 = -4*w. What are the prime factors of w?
2, 3, 7, 13
Suppose -15 = -4*c + c. Suppose c*t - 5 = 0, x = -3*x - 3*t + 19. Suppose 4*o + 10 = 4*f + 26, o - x*f - 4 = 0. List the prime factors of o.
2
Suppose 2*c - 6*c + 5046 = -2*d, -5*c + 2*d = -6310. What are the prime factors of c?
2, 79
Suppose -f + 4*y + 1161 = 0, -10*y + 6*y = 3*f - 3483. List the prime factors of f.
3, 43
Suppose -4*o + 5*c = -8394, 4*o = 3*c + 11918 - 3520. What are the prime factors of o?
11, 191
Suppose -t + 3 = -4*t. Let o be -9 - -12 - (t + 0). Suppose -o*c + 116 = 24. What are the prime factors of c?
23
Suppose -7*p + 2*p - 40 = 0. What are the prime factors of 7*(p/(-28) - -4)?
2, 3, 5
Let f(s) = -s**2 - 9*s - 10. Let m be f(-7). Suppose -10 = -m*u - u. Suppose -62 = -4*y - u*k, -4*k - 38 = -y - 0*k. What are the prime factors of y?
2, 3
Let u(f) = -2*f + 19. Let i be u(17). Let b be (20/25)/((-1)/i). What are the prime factors of 585/b - (-9)/(-12)?
2, 3
Suppose -2*k + 178 + 28 = 0. Let f = -3 + 7. Suppose 5*a - 5*u = 41 + 89, -k = -f*a + 5*u. What are the prime factors of a?
3
Let k(g) = 14*g**2 - 114*g + 4. What are the prime factors of k(-7)?
2, 3, 31
Suppose -5*h = -3*r - 10, -2*h - 1 = -3*r + 4. Suppose a - 49 - 94 = -r*t, -a = -5*t + 147. Suppose t = 3*c - 91. What are the prime factors of c?
2, 5
Suppose -5*p - 12 = 28. Let f = p - -53. Suppose q - f = -14. List the prime factors of q.
31
What are the prime factors of (-612)/8*264/(-18)?
2, 3, 11, 17
Let w(a) = a**3 - 4*a**2 + 6*a - 7. Let y be w(3). Suppose 7*c = y*c + 305. What are the prime factors of c?
61
Suppose -226*b - 3*h = -224*b - 6159, 3*b + 2*h - 9246 = 0. List the prime factors of b.
2, 3, 257
Let i be 3 - ((-6)/(-8))/((-3)/(-12)). Suppose 4*j - 8*j - 316 = -4*v, i = 4*v - 5*j - 315. What are the prime factors of v?
2, 5
Suppose 0 = 16*q - 18*q - 4. List the prime factors of 108/q*(-17 - -16).
2, 3
Suppose 166*z - 153*z = 24531. What are the prime factors of z?
3, 17, 37
Let l(g) = 4*g**2 - 14*g - 21. Let t(a) = -a**2 + a - 1. Let n(h) = l(h) + 3*t(h). Let k be n(13). Suppose 3*s = -k + 80. What are the prime factors of s?
2, 13
Let l = 117 + -115. Suppose 5*g = l*u + 511, 36 = 2*g - 5*u - 160. List the prime factors of g.
